9))*m.
3
Suppose -10 = 5*r, -44 = -3*o + o + 3*r. Calculate the remainder when 4/10 - (-16300)/500 is divided by o.
14
Let z(h) = 6*h**2 + 9*h + 12. Let w be z(-14). Suppose 0 = 3*u - 0*u + w. Calculate the remainder when 3/(-2 + (-717)/u) is divided by 30.
28
Let x = 7 - -99. Suppose -584 - 450 = -36*j + 262. Calculate the remainder when x is divided by j.
34
Let p(v) = 56*v - 395. Calculate the remainder when p(8) is divided by 11.
9
Let u(i) = -i**3 + 2*i**2 + 3*i + 2. Let k = -1 + 4. Let p be u(k). Suppose y - 2*y + 9 = -4*t, -p*t = y - 9. What is the remainder when 24 is divided by y?
6
Suppose 10 = 2*r, -4*c + 147 = 2*r + r. Suppose -1 = 4*p - c. What is the remainder when p is divided by 3?
2
Let x = 23 - 15. Suppose -2*q = 5*o - x, 5*o - o + 3*q = 5. What is the remainder when 4 is divided by o?
0
Let j(q) = q**3 + 3*q**2 - 5*q - 4. Let h be j(-4). Suppose h*p = p - 34. Let l = p + -22. Calculate the remainder when 23 is divided by l.
11
Let o(z) = z + 8. Let d = -43 + 51. What is the remainder when o(6) is divided by d?
6
Let c(o) = 4*o + 17. Let u(s) = s + 1. Let x(b) = c(b) - 5*u(b). Calculate the remainder when 85 is divided by x(4).
5
Let j = 67 + 15. Suppose -75*k - 231 = -86*k. Calculate the remainder when j is divided by k.
19
Let m(l) = 2*l**2 - 4. Let h(q) = -q**3 + 9*q**2 - 4*q - 3. Let t be h(4). Let k = -21 + t. Calculate the remainder when k is divided by m(3).
12
Let x be (-4)/30 + 3856/120. Suppose -2*h + 6*h = 4*z - 28, 5*h = 4*z - x. Calculate the remainder when 4 is divided by z.
1
Let q = -4 + 65. Suppose -12 = 60*x - q*x. Suppose 3*g - 36 = -3*m, 3*g + m - 1 = 5*m. Calculate the remainder when x is divided by g.
5
Let s(d) = -51*d + 3. Let a be s(-2). Let m = a + -71. Let h = 56 - m. Calculate the remainder when 65 is divided by h.
21
Let s = -21 + 114. Let l = -64 + s. Let k = l - 16. What is the remainder when 25 is divided by k?
12
Let f = -566 - -628. Calculate the remainder when f is divided by 40.
22
Let p = -9 - -15. Suppose 0 = j - 3*f - 22, -3*j = 4*f + 28 - 81. Suppose -d = -j + 3. What is the remainder when d is divided by p?
4
What is the remainder when -3 + 3 - (-85)/15*3 is divided by 16?
1
Let f be 35 - 4/(-1 - 3). Let i(q) = q**2 - 14*q + 4. Let a be i(17). Let t = a - f. What is the remainder when 74 is divided by t?
17
Let w(u) = u**3 + 7*u**2 + 3*u - 6. Suppose -33*t = -36*t + 51. Suppose t*f - 180 = 13*f. Calculate the remainder when f is divided by w(-6).
9
Let k(f) = f**3 + 5*f**2 - 18*f + 21. Calculate the remainder when 183 is divided by k(-7).
36
Let i be 1/(-4) - 58/(-8). Let z = 26 + i. Calculate the remainder when z is divided by (1748/(-138))/((-16)/6 - -2) - 2.
16
Let l = 160 - 133. Calculate the remainder when 75 is divided by l.
21
Let o(c) = -c**2 - 2*c + 71. Suppose 6*u = 4*u + 22. What is the remainder when o(0) is divided by u?
5
Let t = -1001 - -1007. What is the remainder when 112 is divided by t?
4
Let m be (-4)/(4 + -3 + 0)*-40. Suppose m = 4*b - 4*g, 3*b + 0*b = -2*g + 110. Calculate the remainder when b is divided by 21.
17
Suppose -12*x - 4 = -8*x, x - 469 = -5*b. Calculate the remainder when b is divided by 25.
19
Let r = 71 + -83. Calculate the remainder when (r/4)/(6*3/(-102)) is divided by 7.
3
Suppose -2343 = -107*w + 36*w. Calculate the remainder when 247 is divided by w.
16
Let s = -35 - -38. Suppose -s*v + 5 = -4, -5*v = b - 28. Calculate the remainder when 23 is divided by b.
10
Let u be ((-40)/(-30))/((-1)/96). Let i = u + 221. What is the remainder when i is divided by 16?
13
Suppose -58 - 17 = -5*l. Calculate the remainder when 50 is divided by l.
5
Let k(h) = -71*h + 1. Let b be k(-2). Let a = 0 + 4. Suppose -5*d - 5*v + 4*v = -b, 2*d + a*v = 68. What is the remainder when 83 is divided by d?
27
Suppose -5*b + 0*k + 740 = k, 0 = 3*b + 2*k - 437. Suppose -8*h + 67 = -b. What is the remainder when 51 is divided by h?
24
Let v(n) = 5*n**2 + 2*n + 3. Suppose -2*t + 5*w + 6 = 0, -2*w = -2*t - 6*w + 6. Let m be v(t). Let o = m + -29. Calculate the remainder when o is divided by 9.
7
Let z be 4*(75/(-12) - 1). Let v = -11 - z. Calculate the remainder when -8*((-66)/8 - -2) is divided by v.
14
Let p = 7 - 0. Let i = 162 + 135. What is the remainder when ((-6)/9)/((-18)/i) is divided by p?
4
Suppose 0 = d - 5 - 4. What is the remainder when 62 is divided by 56/6 + d/(-27)?
8
Let q = 89 + 96. Suppose 17 = j + 5*z, -4*j - 5*z = j - q. What is the remainder when 123 is divided by j?
39
Calculate the remainder when 94/(-4)*(0 + -2) is divided by (-6)/15 - ((-384)/20)/3.
5
Let q(b) = b**2. Suppose 113 = w + 86. Suppose w*s - 30*s = -30. Calculate the remainder when s is divided by q(2).
2
Let f = 21 + -15. Let d = f - 3. Suppose -d*m + 45 = 2*m. Calculate the remainder when m is divided by 5.
4
Suppose 2 = 2*b - 2. Let f be (0 - (b - 0)) + 396. What is the remainder when f/12 + (-7)/(-42) is divided by 17?
16
Suppose -4*p - v - 59 = -2*p, -5*p = v + 143. Let l = p - -89. Let i = -198 - -214. Calculate the remainder when l is divided by i.
13
Let r = 942 + -749. What is the remainder when r is divided by 50?
43
Let m(v) = -2*v + 11. Let t be m(9). Let h = -5 - t. Suppose 4*r + 16 = 0, 3*o + r = -h*r + 54. What is the remainder when 64 is divided by o?
20
Let j(r) = 11*r**2 - 3. What is the remainder when j(-4) is divided by 62?
49
Let r(y) = -2*y**3 - 13*y**2 - 12*y - 19. Let b(l) = -l**3 - 6*l**2 - 6*l - 9. Let i(f) = 5*b(f) - 2*r(f). What is the remainder when 8 is divided by i(-3)?
0
Suppose 2*o - 182 = -4*c, -5*c = -367 + 392. Calculate the remainder when 216 is divided by o.
14
Let l(i) = -11*i + 1. Let a(x) = -22*x - 461. What is the remainder when a(-23) is divided by l(-1)?
9
Let v = -9 - -33. What is the remainder when 46 is divided by v?
22
Suppose 2*a + 12 = 3*p, -12 = 2*p - 5*p - 5*a. Let f(t) = t**3 - 5*t**2 + 7*t. What is the remainder when 57 is divided by f(p)?
9
Suppose -4*a = -82 + 2. Calculate the remainder when 71 is divided by a.
11
Let d(r) = 211*r + 1. What is the remainder when d(1) is divided by (2322/(-405))/((-4)/(-6))*-5?
40
Let i = -37 - -51. Calculate the remainder when 190 is divided by i.
8
Let h = 162 - 153. Let k be (-3)/2*(-2)/3. What is the remainder when (-17)/((1 - k) + -1) is divided by h?
8
Suppose -4*b = -12, -3*p + 21 = -0*b - 3*b. What is the remainder when 36 is divided by p?
6
Let m(p) = -6*p - 12. Let u be m(-4). Let d be -13 + u + 5*4. Let o = -15 + d. What is the remainder when 5 is divided by o?
1
Suppose -13*c + 114 = -406. What is the remainder when 74 is divided by c?
34
Let g(q) = 3*q**3 + q**2 - q + 1. Suppose 3*b + 9 - 3 = 2*c, 0 = b - 2. Calculate the remainder when g(2) is divided by c.
3
Suppose 4*q - 172 = -w, 405 = 3*w + 3*q - 102. Suppose 16*h + w = 20*h. What is the remainder when 165 is divided by h?
39
Suppose -2*v + 16 = -4. Suppose -16*i + 586 = v. Calculate the remainder when i is divided by 10.
6
Suppose 18*c - 92*c = -8362. Calculate the remainder when 1581 is divided by c.
112
Let q = 333 + -316. Calculate the remainder when 1238 is divided by q.
14
Let j(b) = 2*b**3 - 10*b**2 + 21. Calculate the remainder when 376 is divided by j(5).
19
Let f be ((-6)/(-18))/((-2)/(-18)). Suppose 3*c + 35 = 4*n - f*n, n = c + 35. What is the remainder when n is divided by 18?
17
Let x be 1092 + 5 + 2/(-2). Suppose -14*d = -6*d - x. Calculate the remainder when d is divided by 28.
25
Suppose 4*f + 2*d - 258 + 38 = 0, 126 = 2*f + 5*d. Calculate the remainder when f is divided by 7.
4
Suppose 2*l = -3*o + 9, 2*o + 10 = 3*l + 3. Suppose -25 = 5*z, -l*s + s = -5*z - 39. What is the remainder when 16 is divided by s?
2
What is the remainder when 175 is divided by 1/((-2)/(-4)*-2)*-16?
15
Let i(a) be the first derivative of a**2 + 5*a + 3. What is the remainder when i(9) is divided by 8?
7
Let y(f) = 57*f - 416. Let p = -48 + 121. Calculate the remainder when p is divided by y(8).
33
What is the remainder when 3 + (-51)/21 + 828/21 is divided by 14?
12
Let b(q) = -q**3 + 9*q**2 + 10*q - 2. Let a be b(10). Let l = 40 + a. Calculate the remainder when l is divided by 13.
12
Let a(x) = -3*x - 24. Let h be a(-10). Suppose 55 = h*l - 35. What is the remainder when 88 is divided by l?
13
Suppose -10*z + 415 = -155. Calculate the 